{"id":2668,"date":"2022-03-13T22:30:17","date_gmt":"2022-03-13T21:30:17","guid":{"rendered":"https:\/\/ijamact.com\/?page_id=2668"},"modified":"2022-03-13T22:46:39","modified_gmt":"2022-03-13T21:46:39","slug":"all-downloads","status":"publish","type":"page","link":"https:\/\/ijamact.com\/index.php\/all-downloads\/","title":{"rendered":"All Downloads"},"content":{"rendered":"<div class=\"sdm_post_item\"><div class=\"sdm_post_item_top\"><div class=\"sdm_post_item_top_left\"><div class=\"sdm_post_thumbnail\"><\/div><\/div><div class=\"sdm_post_item_top_right\"><div class=\"sdm_post_title\">Copyrights Agreement<\/div><div class=\"sdm_post_download_count\"><span class=\"sdm_post_count_number\">13<\/span><span class=\"sdm_post_count_string\"> T\u00e9l\u00e9chargements<\/span><\/div><div class=\"sdm_post_description\"><p><strong>IJAMACT COPYRIGHTS AGREEMENT<\/strong><\/p>\n<\/div><div class=\"sdm_post_download_section\"><div class=\"sdm_download_link\"><a href=\"https:\/\/ijamact.com\/?sdm_process_download=1&download_id=597\" class=\"sdm_download green\" title=\"Copyrights Agreement\" target=\"_blank\">DOWNLOAD THE COPYRIGHTS AGREEMENT<\/a><\/div><\/div><div class=\"sdm_post_download_published_date\"><span class=\"sdm_post_download_published_date_label\">Publi\u00e9\u00a0: <\/span><span class=\"sdm_post_download_published_date_value\">novembre 5, 2021<\/span><\/div><\/div><\/div><div style=\"clear:both;\"><\/div><\/div>","protected":false},"excerpt":{"rendered":"<p>Copyrights Agreement 13 T\u00e9l\u00e9chargements IJAMACT COPYRIGHTS AGREEMENT DOWNLOAD THE COPYRIGHTS AGREEMENT Publi\u00e9\u00a0: novembre 5, 2021<\/p>\n","protected":false},"author":1,"featured_media":0,"parent":0,"menu_order":0,"comment_status":"closed","ping_status":"closed","template":"","meta":{"footnotes":""},"class_list":["post-2668","page","type-page","status-publish","hentry"],"_links":{"self":[{"href":"https:\/\/ijamact.com\/index.php\/wp-json\/wp\/v2\/pages\/2668","targetHints":{"allow":["GET"]}}],"collection":[{"href":"https:\/\/ijamact.com\/index.php\/wp-json\/wp\/v2\/pages"}],"about":[{"href":"https:\/\/ijamact.com\/index.php\/wp-json\/wp\/v2\/types\/page"}],"author":[{"embeddable":true,"href":"https:\/\/ijamact.com\/index.php\/wp-json\/wp\/v2\/users\/1"}],"replies":[{"embeddable":true,"href":"https:\/\/ijamact.com\/index.php\/wp-json\/wp\/v2\/comments?post=2668"}],"version-history":[{"count":7,"href":"https:\/\/ijamact.com\/index.php\/wp-json\/wp\/v2\/pages\/2668\/revisions"}],"predecessor-version":[{"id":2676,"href":"https:\/\/ijamact.com\/index.php\/wp-json\/wp\/v2\/pages\/2668\/revisions\/2676"}],"wp:attachment":[{"href":"https:\/\/ijamact.com\/index.php\/wp-json\/wp\/v2\/media?parent=2668"}],"curies":[{"name":"wp","href":"https:\/\/api.w.org\/{rel}","templated":true}]}}