{"id":623,"date":"2021-11-05T20:42:45","date_gmt":"2021-11-05T19:42:45","guid":{"rendered":"http:\/\/ijamact.com\/?page_id=623"},"modified":"2022-03-14T08:25:09","modified_gmt":"2022-03-14T07:25:09","slug":"conference-hosting-promotion","status":"publish","type":"page","link":"https:\/\/ijamact.com\/index.php\/events-conferences\/conference-hosting-promotion\/","title":{"rendered":"Conference Hosting &#038; Announcement"},"content":{"rendered":"\t\t<div data-elementor-type=\"wp-page\" data-elementor-id=\"623\" class=\"elementor elementor-623\">\n\t\t\t\t\t\t<section class=\"elementor-section elementor-top-section elementor-element elementor-element-cb5f437 elementor-section-boxed elementor-section-height-default elementor-section-height-default\" data-id=\"cb5f437\" data-element_type=\"section\" data-e-type=\"section\">\n\t\t\t\t\t\t<div class=\"elementor-container elementor-column-gap-default\">\n\t\t\t\t\t<div class=\"elementor-column elementor-col-100 elementor-top-column elementor-element elementor-element-5fb5a9b\" data-id=\"5fb5a9b\" data-element_type=\"column\" data-e-type=\"column\">\n\t\t\t<div class=\"elementor-widget-wrap\">\n\t\t\t\t\t\t\t<\/div>\n\t\t<\/div>\n\t\t\t\t\t<\/div>\n\t\t<\/section>\n\t\t\t\t<section class=\"elementor-section elementor-top-section elementor-element elementor-element-268e6ef elementor-section-boxed elementor-section-height-default elementor-section-height-default\" data-id=\"268e6ef\" data-element_type=\"section\" data-e-type=\"section\">\n\t\t\t\t\t\t<div class=\"elementor-container elementor-column-gap-default\">\n\t\t\t\t\t<div class=\"elementor-column elementor-col-100 elementor-top-column elementor-element elementor-element-bbe8be7\" data-id=\"bbe8be7\" data-element_type=\"column\" data-e-type=\"column\">\n\t\t\t<div class=\"elementor-widget-wrap elementor-element-populated\">\n\t\t\t\t\t\t<div class=\"elementor-element elementor-element-fd3b4a9 uael-post__link-complete-yes uael-posts-thumbnail-ratio elementor-widget elementor-widget-uael-posts\" data-id=\"fd3b4a9\" data-element_type=\"widget\" data-e-type=\"widget\" data-settings=\"{&quot;feed_slides_to_show_tablet&quot;:2,&quot;feed_slides_to_show_mobile&quot;:1,&quot;feed_show_filters&quot;:&quot;no&quot;}\" data-widget_type=\"uael-posts.feed\">\n\t\t\t\t<div class=\"elementor-widget-container\">\n\t\t\t\t\t\t\t<div class=\"uael-post__header\">\n\t\t\t\t\t<\/div>\n\t\t<div class=\"uael-post__body\">\n\t\t\t\n\t\t\n\t\t<div class=\"uael-post-grid uael-posts\" data-query-type=\"custom\" data-structure=\"\" data-layout=\"\" data-page=\"623\" data-skin=\"feed\" data-filter-default=\"\" data-offset-top=\"30\" >\n\n\t\t\t\t\t\t\t<div class=\"uael-post-grid__inner uael-post__columns-1 uael-post__columns-tablet-1 uael-post__columns-mobile-1\">\n\t\t\t\n\n<div class=\"uael-post-wrapper  conferences \">\n\n\t<div class=\"uael-post__bg-wrap\">\n\t\t\t\t\t<a href=\"https:\/\/ijamact.com\/index.php\/2022\/01\/31\/call-for-papers-appel-a-communications\/\" target=\"_blank\" class=\"uael-post__complete-box-overlay\" aria-label=\"Link Complete Box\"><\/a>\n\t\t\n\t\t\n\t\t<div class=\"uael-post__inner-wrap \">\n\n\t\t\t\t<div class=\"uael-post__thumbnail\">\n\t\t\t\n\t\t\t<a href=\"https:\/\/ijamact.com\/index.php\/2022\/01\/31\/call-for-papers-appel-a-communications\/\" target=\"_blank\" title=\"Appel \u00e0 communications pour Conf\u00e9rence Internationale\/Call for Papers for International Conference\"><img fetchpriority=\"high\" decoding=\"async\" width=\"275\" height=\"183\" src=\"https:\/\/ijamact.com\/wp-content\/uploads\/2021\/12\/opinion.jpeg\" class=\"attachment-full size-full wp-image-1500\" alt=\"\" \/><\/a>\n\t\t\t\t\t<\/div>\n\t\t\n\t\t\t\n\t\t\t<div class=\"uael-post__content-wrap\">\n\n\t\t\t<span class=\"uael-post__terms\"><a href=\"https:\/\/ijamact.com\/index.php\/category\/conference-announcement\/\" class=\"uael-listing__terms-link\" id=\"uael-post-term-conference-announcement\" aria-labelledby=\"uael-post-term-conference-announcement\">Conferences<\/a><\/span>\t\t<h3 class=\"uael-post__title\">\n\n\t\t\n\t\t\t\t\t\t<a href=\"https:\/\/ijamact.com\/index.php\/2022\/01\/31\/call-for-papers-appel-a-communications\/\" target=\"_blank\">\n\t\t\t\tAppel \u00e0 communications pour Conf\u00e9rence Internationale\/Call for Papers for International Conference\t\t\t<\/a>\n\n\t\t\t\t<\/h3>\n\t\t<div class=\"uael-post__separator\"><\/div>\n\t\t<div class=\"uael-post__excerpt\">\n\t\t\tAppel \u00e0 communications pour stimuler la recherche et l\u2019innovation sur le d\u00e9veloppement des arts locaux et promouvoir les \u00e9changes culturels entre la Chine et le Cameroun\/ Call for Papers to help boost research and innovation ...\t\t<\/div>\n\n\t\t\t\t\t<div class=\"uael-post__meta-data\">\n\t\t\t\t\t<span class=\"uael-post__author\">\n\t\t\t\n\t\t\t\t\t\t\t\t\t\t\t<i aria-hidden=\"true\" class=\"fa fa-user\"><\/i>\t\t\t\t\t\t\t\t\t\n\t\t\t<a href=\"https:\/\/ijamact.com\/index.php\/author\/adminijamact\/\" title=\"Articles par Ijamact\" rel=\"author\">Ijamact<\/a>\t\t<\/span>\n\t\t\t\t<span class=\"uael-post__date\">\n\t\t\t\t\t\t\t\t\t\t\t\t\t<i aria-hidden=\"true\" class=\"fa fa-calendar\"><\/i>\t\t\t\t\t\t\t\t\t\n\t\t\tjanvier 31, 2022\t\t<\/span>\n\t\t\t\t<span class=\"uael-post__comments\">\n\t\t\t\t\t\t\t\t\t\t\t\t<i aria-hidden=\"true\" class=\"fa fa-comments\"><\/i>\t\t\t\t\t\t\t\t\t\t2 commentaires\t\t<\/span>\n\t\t<span class=\"uael-post__terms-meta uael-post__terms-meta-cat\"> <a href=\"https:\/\/ijamact.com\/index.php\/category\/conference-announcement\/\" class=\"uael-listing__terms-link\" id=\"uael-post-term-conference-announcement\" aria-labelledby=\"uael-post-term-conference-announcement\">Conferences<\/a><\/span><span class=\"uael-post__terms-meta uael-post__terms-meta-tag\"> <a href=\"https:\/\/ijamact.com\/index.php\/tag\/call-for-papers-for-conference\/\" class=\"uael-listing__terms-link\" id=\"uael-post-term-call-for-papers-for-conference\" aria-labelledby=\"uael-post-term-call-for-papers-for-conference\">Call for Papers for Conference<\/a><\/span>\t\t<\/div>\n\t\t\t\t\t<a class=\"uael-post__read-more elementor-button\" href=\"https:\/\/ijamact.com\/index.php\/2022\/01\/31\/call-for-papers-appel-a-communications\/\" target=\"_self\" aria-labelledby=\"uael-post-2246\">\n\t\t\t\t\t<span class=\"elementor-button-content-wrapper\">\n\t\t\t\t\t\t\t\t\t\t\t\t\t\t<span class=\"elementor-button-icon elementor-align-icon-left\">\n\n\t\t\t\t\t\t\t\t\t<i aria-hidden=\"true\" class=\"fas fa-location-arrow\"><\/i>\n\t\t\t\t\t\t\t\t<\/span>\n\t\t\t\t\t\t\t\t\t\t\t\t\t\n\t\t\t\t\t\t<span class=\"elementor-button-text\" id=uael-post-2246>Read More \u2192<\/span>\n\t\t\t\t\t<\/span>\n\t\t\t\t<\/a>\n\t\t\t\t\t\t<\/div>\n\t\t\t\n\t\t<\/div>\n\t\t\n\t<\/div>\n\n<\/div>\n\n\n<div class=\"uael-post-wrapper  conferences \">\n\n\t<div class=\"uael-post__bg-wrap\">\n\t\t\t\t\t<a href=\"https:\/\/ijamact.com\/index.php\/2022\/01\/30\/international-conference-on-the-development-of-local-arts-and-promotion-of-cultural-exchanges-between-china-and-cameroon\/\" target=\"_blank\" class=\"uael-post__complete-box-overlay\" aria-label=\"Link Complete Box\"><\/a>\n\t\t\n\t\t\n\t\t<div class=\"uael-post__inner-wrap \">\n\n\t\t\t\t<div class=\"uael-post__thumbnail\">\n\t\t\t\n\t\t\t<a href=\"https:\/\/ijamact.com\/index.php\/2022\/01\/30\/international-conference-on-the-development-of-local-arts-and-promotion-of-cultural-exchanges-between-china-and-cameroon\/\" target=\"_blank\" title=\"Conf\u00e9rence internationale sur le d\u00e9veloppement des arts locaux \/International Conference on the Development of Local Arts\"><img decoding=\"async\" width=\"335\" height=\"190\" src=\"https:\/\/ijamact.com\/wp-content\/uploads\/2021\/12\/chinacamer3.png\" class=\"attachment-full size-full wp-image-2236\" alt=\"\" srcset=\"https:\/\/ijamact.com\/wp-content\/uploads\/2021\/12\/chinacamer3.png 335w, https:\/\/ijamact.com\/wp-content\/uploads\/2021\/12\/chinacamer3-300x170.png 300w\" sizes=\"(max-width: 335px) 100vw, 335px\" \/><\/a>\n\t\t\t\t\t<\/div>\n\t\t\n\t\t\t\n\t\t\t<div class=\"uael-post__content-wrap\">\n\n\t\t\t<span class=\"uael-post__terms\"><a href=\"https:\/\/ijamact.com\/index.php\/category\/conference-announcement\/\" class=\"uael-listing__terms-link\" id=\"uael-post-term-conference-announcement\" aria-labelledby=\"uael-post-term-conference-announcement\">Conferences<\/a><\/span>\t\t<h3 class=\"uael-post__title\">\n\n\t\t\n\t\t\t\t\t\t<a href=\"https:\/\/ijamact.com\/index.php\/2022\/01\/30\/international-conference-on-the-development-of-local-arts-and-promotion-of-cultural-exchanges-between-china-and-cameroon\/\" target=\"_blank\">\n\t\t\t\tConf\u00e9rence internationale sur le d\u00e9veloppement des arts locaux \/International Conference on the Development of Local Arts\t\t\t<\/a>\n\n\t\t\t\t<\/h3>\n\t\t<div class=\"uael-post__separator\"><\/div>\n\t\t<div class=\"uael-post__excerpt\">\n\t\t\tl\u2019Universit\u00e9 Normale du Zhejiang (Chine) en partenariat avec l\u2019Universit\u00e9 de DSCHANG co-organisent une Conf\u00e9rence internationale sur le d\u00e9veloppement des arts locaux et la promotion des \u00e9changes culturels entre la Chine et le Cameroun \/ the ...\t\t<\/div>\n\n\t\t\t\t\t<div class=\"uael-post__meta-data\">\n\t\t\t\t\t<span class=\"uael-post__author\">\n\t\t\t\n\t\t\t\t\t\t\t\t\t\t\t<i aria-hidden=\"true\" class=\"fa fa-user\"><\/i>\t\t\t\t\t\t\t\t\t\n\t\t\t<a href=\"https:\/\/ijamact.com\/index.php\/author\/adminijamact\/\" title=\"Articles par Ijamact\" rel=\"author\">Ijamact<\/a>\t\t<\/span>\n\t\t\t\t<span class=\"uael-post__date\">\n\t\t\t\t\t\t\t\t\t\t\t\t\t<i aria-hidden=\"true\" class=\"fa fa-calendar\"><\/i>\t\t\t\t\t\t\t\t\t\n\t\t\tjanvier 30, 2022\t\t<\/span>\n\t\t\t\t<span class=\"uael-post__comments\">\n\t\t\t\t\t\t\t\t\t\t\t\t<i aria-hidden=\"true\" class=\"fa fa-comments\"><\/i>\t\t\t\t\t\t\t\t\t\tAucun commentaire\t\t<\/span>\n\t\t<span class=\"uael-post__terms-meta uael-post__terms-meta-cat\"> <a href=\"https:\/\/ijamact.com\/index.php\/category\/conference-announcement\/\" class=\"uael-listing__terms-link\" id=\"uael-post-term-conference-announcement\" aria-labelledby=\"uael-post-term-conference-announcement\">Conferences<\/a><\/span><span class=\"uael-post__terms-meta uael-post__terms-meta-tag\"> <a href=\"https:\/\/ijamact.com\/index.php\/tag\/conference-announcement\/\" class=\"uael-listing__terms-link\" id=\"uael-post-term-conference-announcement\" aria-labelledby=\"uael-post-term-conference-announcement\">Conference announcement<\/a> <a href=\"https:\/\/ijamact.com\/index.php\/tag\/international-conference\/\" class=\"uael-listing__terms-link\" id=\"uael-post-term-international-conference\" aria-labelledby=\"uael-post-term-international-conference\">International conference<\/a><\/span>\t\t<\/div>\n\t\t\t\t\t<a class=\"uael-post__read-more elementor-button\" href=\"https:\/\/ijamact.com\/index.php\/2022\/01\/30\/international-conference-on-the-development-of-local-arts-and-promotion-of-cultural-exchanges-between-china-and-cameroon\/\" target=\"_self\" aria-labelledby=\"uael-post-750\">\n\t\t\t\t\t<span class=\"elementor-button-content-wrapper\">\n\t\t\t\t\t\t\t\t\t\t\t\t\t\t<span class=\"elementor-button-icon elementor-align-icon-left\">\n\n\t\t\t\t\t\t\t\t\t<i aria-hidden=\"true\" class=\"fas fa-location-arrow\"><\/i>\n\t\t\t\t\t\t\t\t<\/span>\n\t\t\t\t\t\t\t\t\t\t\t\t\t\n\t\t\t\t\t\t<span class=\"elementor-button-text\" id=uael-post-750>Read More \u2192<\/span>\n\t\t\t\t\t<\/span>\n\t\t\t\t<\/a>\n\t\t\t\t\t\t<\/div>\n\t\t\t\n\t\t<\/div>\n\t\t\n\t<\/div>\n\n<\/div>\n\n\n<div class=\"uael-post-wrapper  conferences \">\n\n\t<div class=\"uael-post__bg-wrap\">\n\t\t\t\t\t<a href=\"https:\/\/ijamact.com\/index.php\/2022\/01\/30\/participation-form-to-the-international-conference-on-the-development-of-local-arts-and-the-promotion-of-cultural-exchanges-between-china-cameroon\/\" target=\"_blank\" class=\"uael-post__complete-box-overlay\" aria-label=\"Link Complete Box\"><\/a>\n\t\t\n\t\t\n\t\t<div class=\"uael-post__inner-wrap \">\n\n\t\t\t\t<div class=\"uael-post__thumbnail\">\n\t\t\t\n\t\t\t<a href=\"https:\/\/ijamact.com\/index.php\/2022\/01\/30\/participation-form-to-the-international-conference-on-the-development-of-local-arts-and-the-promotion-of-cultural-exchanges-between-china-cameroon\/\" target=\"_blank\" title=\"Formulaire de participation a Conf\u00e9rence Internationale\/Participation Form to International Conference\"><img decoding=\"async\" width=\"600\" height=\"608\" src=\"https:\/\/ijamact.com\/wp-content\/uploads\/2021\/12\/formulaire.png\" class=\"attachment-full size-full wp-image-792\" alt=\"\" srcset=\"https:\/\/ijamact.com\/wp-content\/uploads\/2021\/12\/formulaire.png 600w, https:\/\/ijamact.com\/wp-content\/uploads\/2021\/12\/formulaire-100x100.png 100w, https:\/\/ijamact.com\/wp-content\/uploads\/2021\/12\/formulaire-296x300.png 296w\" sizes=\"(max-width: 600px) 100vw, 600px\" \/><\/a>\n\t\t\t\t\t<\/div>\n\t\t\n\t\t\t\n\t\t\t<div class=\"uael-post__content-wrap\">\n\n\t\t\t<span class=\"uael-post__terms\"><a href=\"https:\/\/ijamact.com\/index.php\/category\/conference-announcement\/\" class=\"uael-listing__terms-link\" id=\"uael-post-term-conference-announcement\" aria-labelledby=\"uael-post-term-conference-announcement\">Conferences<\/a><\/span>\t\t<h3 class=\"uael-post__title\">\n\n\t\t\n\t\t\t\t\t\t<a href=\"https:\/\/ijamact.com\/index.php\/2022\/01\/30\/participation-form-to-the-international-conference-on-the-development-of-local-arts-and-the-promotion-of-cultural-exchanges-between-china-cameroon\/\" target=\"_blank\">\n\t\t\t\tFormulaire de participation a Conf\u00e9rence Internationale\/Participation Form to International Conference\t\t\t<\/a>\n\n\t\t\t\t<\/h3>\n\t\t<div class=\"uael-post__separator\"><\/div>\n\t\t<div class=\"uael-post__excerpt\">\n\t\t\tVous pouvez participer \u00e0 la \u00ab Conf\u00e9rence Internationale sur le D\u00e9veloppement des Arts Locaux et la Promotion des \u00c9changes Culturels entre la Chine et le Cameroun \u00bb en remplissant ce formulaire enligne \/ You can ...\t\t<\/div>\n\n\t\t\t\t\t<div class=\"uael-post__meta-data\">\n\t\t\t\t\t<span class=\"uael-post__author\">\n\t\t\t\n\t\t\t\t\t\t\t\t\t\t\t<i aria-hidden=\"true\" class=\"fa fa-user\"><\/i>\t\t\t\t\t\t\t\t\t\n\t\t\t<a href=\"https:\/\/ijamact.com\/index.php\/author\/adminijamact\/\" title=\"Articles par Ijamact\" rel=\"author\">Ijamact<\/a>\t\t<\/span>\n\t\t\t\t<span class=\"uael-post__date\">\n\t\t\t\t\t\t\t\t\t\t\t\t\t<i aria-hidden=\"true\" class=\"fa fa-calendar\"><\/i>\t\t\t\t\t\t\t\t\t\n\t\t\tjanvier 30, 2022\t\t<\/span>\n\t\t\t\t<span class=\"uael-post__comments\">\n\t\t\t\t\t\t\t\t\t\t\t\t<i aria-hidden=\"true\" class=\"fa fa-comments\"><\/i>\t\t\t\t\t\t\t\t\t\tAucun commentaire\t\t<\/span>\n\t\t<span class=\"uael-post__terms-meta uael-post__terms-meta-cat\"> <a href=\"https:\/\/ijamact.com\/index.php\/category\/conference-announcement\/\" class=\"uael-listing__terms-link\" id=\"uael-post-term-conference-announcement\" aria-labelledby=\"uael-post-term-conference-announcement\">Conferences<\/a><\/span><span class=\"uael-post__terms-meta uael-post__terms-meta-tag\"> <a href=\"https:\/\/ijamact.com\/index.php\/tag\/conference-participation-form\/\" class=\"uael-listing__terms-link\" id=\"uael-post-term-conference-participation-form\" aria-labelledby=\"uael-post-term-conference-participation-form\">Conference Participation Form<\/a><\/span>\t\t<\/div>\n\t\t\t\t\t<a class=\"uael-post__read-more elementor-button\" href=\"https:\/\/ijamact.com\/index.php\/2022\/01\/30\/participation-form-to-the-international-conference-on-the-development-of-local-arts-and-the-promotion-of-cultural-exchanges-between-china-cameroon\/\" target=\"_self\" aria-labelledby=\"uael-post-790\">\n\t\t\t\t\t<span class=\"elementor-button-content-wrapper\">\n\t\t\t\t\t\t\t\t\t\t\t\t\t\t<span class=\"elementor-button-icon elementor-align-icon-left\">\n\n\t\t\t\t\t\t\t\t\t<i aria-hidden=\"true\" class=\"fas fa-location-arrow\"><\/i>\n\t\t\t\t\t\t\t\t<\/span>\n\t\t\t\t\t\t\t\t\t\t\t\t\t\n\t\t\t\t\t\t<span class=\"elementor-button-text\" id=uael-post-790>Read More \u2192<\/span>\n\t\t\t\t\t<\/span>\n\t\t\t\t<\/a>\n\t\t\t\t\t\t<\/div>\n\t\t\t\n\t\t<\/div>\n\t\t\n\t<\/div>\n\n<\/div>\n\n\n<div class=\"uael-post-wrapper  conferences \">\n\n\t<div class=\"uael-post__bg-wrap\">\n\t\t\t\t\t<a href=\"https:\/\/ijamact.com\/index.php\/2022\/01\/30\/invitation-letter-to-the-international-conference-on-the-development-of-local-arts-and-the-promotion-of-cultural-exchanges-between-china-and-cameroon\/\" target=\"_blank\" class=\"uael-post__complete-box-overlay\" aria-label=\"Link Complete Box\"><\/a>\n\t\t\n\t\t\n\t\t<div class=\"uael-post__inner-wrap \">\n\n\t\t\t\t<div class=\"uael-post__thumbnail\">\n\t\t\t\n\t\t\t<a href=\"https:\/\/ijamact.com\/index.php\/2022\/01\/30\/invitation-letter-to-the-international-conference-on-the-development-of-local-arts-and-the-promotion-of-cultural-exchanges-between-china-and-cameroon\/\" target=\"_blank\" title=\"Lettre d\u2019invitation aux Chercheurs, artistes et promoteurs culturels \/ Invitation Letter to Scholars, Artists &#038; Cultural promoters\"><img loading=\"lazy\" decoding=\"async\" width=\"425\" height=\"282\" src=\"https:\/\/ijamact.com\/wp-content\/uploads\/2021\/12\/98767-425x282r1-Corp_Invite.jpg\" class=\"attachment-full size-full wp-image-2196\" alt=\"\" srcset=\"https:\/\/ijamact.com\/wp-content\/uploads\/2021\/12\/98767-425x282r1-Corp_Invite.jpg 425w, https:\/\/ijamact.com\/wp-content\/uploads\/2021\/12\/98767-425x282r1-Corp_Invite-300x199.jpg 300w\" sizes=\"(max-width: 425px) 100vw, 425px\" \/><\/a>\n\t\t\t\t\t<\/div>\n\t\t\n\t\t\t\n\t\t\t<div class=\"uael-post__content-wrap\">\n\n\t\t\t<span class=\"uael-post__terms\"><a href=\"https:\/\/ijamact.com\/index.php\/category\/conference-announcement\/\" class=\"uael-listing__terms-link\" id=\"uael-post-term-conference-announcement\" aria-labelledby=\"uael-post-term-conference-announcement\">Conferences<\/a><\/span>\t\t<h3 class=\"uael-post__title\">\n\n\t\t\n\t\t\t\t\t\t<a href=\"https:\/\/ijamact.com\/index.php\/2022\/01\/30\/invitation-letter-to-the-international-conference-on-the-development-of-local-arts-and-the-promotion-of-cultural-exchanges-between-china-and-cameroon\/\" target=\"_blank\">\n\t\t\t\tLettre d\u2019invitation aux Chercheurs, artistes et promoteurs culturels \/ Invitation Letter to Scholars, Artists &#038; Cultural promoters\t\t\t<\/a>\n\n\t\t\t\t<\/h3>\n\t\t<div class=\"uael-post__separator\"><\/div>\n\t\t<div class=\"uael-post__excerpt\">\n\t\t\tLettre d\u2019invitation \u00e0 la \u00ab Conf\u00e9rence Internationale sur le D\u00e9veloppement des Arts Locaux et la Promotion des \u00c9changes Culturels entre la Chine et le Cameroun \u00bb \/ Invitation Letter to the \u201cInternational Conference on the ...\t\t<\/div>\n\n\t\t\t\t\t<div class=\"uael-post__meta-data\">\n\t\t\t\t\t<span class=\"uael-post__author\">\n\t\t\t\n\t\t\t\t\t\t\t\t\t\t\t<i aria-hidden=\"true\" class=\"fa fa-user\"><\/i>\t\t\t\t\t\t\t\t\t\n\t\t\t<a href=\"https:\/\/ijamact.com\/index.php\/author\/adminijamact\/\" title=\"Articles par Ijamact\" rel=\"author\">Ijamact<\/a>\t\t<\/span>\n\t\t\t\t<span class=\"uael-post__date\">\n\t\t\t\t\t\t\t\t\t\t\t\t\t<i aria-hidden=\"true\" class=\"fa fa-calendar\"><\/i>\t\t\t\t\t\t\t\t\t\n\t\t\tjanvier 30, 2022\t\t<\/span>\n\t\t\t\t<span class=\"uael-post__comments\">\n\t\t\t\t\t\t\t\t\t\t\t\t<i aria-hidden=\"true\" class=\"fa fa-comments\"><\/i>\t\t\t\t\t\t\t\t\t\tAucun commentaire\t\t<\/span>\n\t\t<span class=\"uael-post__terms-meta uael-post__terms-meta-cat\"> <a href=\"https:\/\/ijamact.com\/index.php\/category\/conference-announcement\/\" class=\"uael-listing__terms-link\" id=\"uael-post-term-conference-announcement\" aria-labelledby=\"uael-post-term-conference-announcement\">Conferences<\/a><\/span><span class=\"uael-post__terms-meta uael-post__terms-meta-tag\"> <a href=\"https:\/\/ijamact.com\/index.php\/tag\/invitation-letter\/\" class=\"uael-listing__terms-link\" id=\"uael-post-term-invitation-letter\" aria-labelledby=\"uael-post-term-invitation-letter\">Invitation Letter<\/a><\/span>\t\t<\/div>\n\t\t\t\t\t<a class=\"uael-post__read-more elementor-button\" href=\"https:\/\/ijamact.com\/index.php\/2022\/01\/30\/invitation-letter-to-the-international-conference-on-the-development-of-local-arts-and-the-promotion-of-cultural-exchanges-between-china-and-cameroon\/\" target=\"_self\" aria-labelledby=\"uael-post-814\">\n\t\t\t\t\t<span class=\"elementor-button-content-wrapper\">\n\t\t\t\t\t\t\t\t\t\t\t\t\t\t<span class=\"elementor-button-icon elementor-align-icon-left\">\n\n\t\t\t\t\t\t\t\t\t<i aria-hidden=\"true\" class=\"fas fa-location-arrow\"><\/i>\n\t\t\t\t\t\t\t\t<\/span>\n\t\t\t\t\t\t\t\t\t\t\t\t\t\n\t\t\t\t\t\t<span class=\"elementor-button-text\" id=uael-post-814>Read More \u2192<\/span>\n\t\t\t\t\t<\/span>\n\t\t\t\t<\/a>\n\t\t\t\t\t\t<\/div>\n\t\t\t\n\t\t<\/div>\n\t\t\n\t<\/div>\n\n<\/div>\n\t\t\t\t<\/div>\n\t\t\t\t\t\t\n\t\t<\/div>\n\n\t\t\t\t\t\t<\/div>\n\t\t<div class=\"uael-post__footer\">\n\t\t\t\t\t<\/div>\n\t\t\t\t\t\t<\/div>\n\t\t\t\t<\/div>\n\t\t\t\t\t<\/div>\n\t\t<\/div>\n\t\t\t\t\t<\/div>\n\t\t<\/section>\n\t\t\t\t<\/div>\n\t\t","protected":false},"excerpt":{"rendered":"<p>Conferences Appel \u00e0 communications pour Conf\u00e9rence Internationale\/Call for Papers for International Conference Appel \u00e0 communications pour stimuler la recherche et l\u2019innovation sur le d\u00e9veloppement des arts locaux et promouvoir les \u00e9changes culturels entre la Chine et le Cameroun\/ Call for Papers to help boost research and innovation on the development of local arts to better&hellip;<\/p>\n","protected":false},"author":1,"featured_media":624,"parent":619,"menu_order":0,"comment_status":"closed","ping_status":"closed","template":"","meta":{"footnotes":""},"class_list":["post-623","page","type-page","status-publish","has-post-thumbnail","hentry"],"_links":{"self":[{"href":"https:\/\/ijamact.com\/index.php\/wp-json\/wp\/v2\/pages\/623","targetHints":{"allow":["GET"]}}],"collection":[{"href":"https:\/\/ijamact.com\/index.php\/wp-json\/wp\/v2\/pages"}],"about":[{"href":"https:\/\/ijamact.com\/index.php\/wp-json\/wp\/v2\/types\/page"}],"author":[{"embeddable":true,"href":"https:\/\/ijamact.com\/index.php\/wp-json\/wp\/v2\/users\/1"}],"replies":[{"embeddable":true,"href":"https:\/\/ijamact.com\/index.php\/wp-json\/wp\/v2\/comments?post=623"}],"version-history":[{"count":23,"href":"https:\/\/ijamact.com\/index.php\/wp-json\/wp\/v2\/pages\/623\/revisions"}],"predecessor-version":[{"id":2704,"href":"https:\/\/ijamact.com\/index.php\/wp-json\/wp\/v2\/pages\/623\/revisions\/2704"}],"up":[{"embeddable":true,"href":"https:\/\/ijamact.com\/index.php\/wp-json\/wp\/v2\/pages\/619"}],"wp:featuredmedia":[{"embeddable":true,"href":"https:\/\/ijamact.com\/index.php\/wp-json\/wp\/v2\/media\/624"}],"wp:attachment":[{"href":"https:\/\/ijamact.com\/index.php\/wp-json\/wp\/v2\/media?parent=623"}],"curies":[{"name":"wp","href":"https:\/\/api.w.org\/{rel}","templated":true}]}}